{"id":1659,"date":"2024-10-14T06:59:04","date_gmt":"2024-10-14T06:59:04","guid":{"rendered":"https:\/\/autodealwordpress.com\/?page_id=1659"},"modified":"2026-04-02T09:37:27","modified_gmt":"2026-04-02T12:37:27","slug":"dealer-listing","status":"publish","type":"page","link":"https:\/\/automotivecarstore.com\/?page_id=1659","title":{"rendered":"Dealer Listing"},"content":{"rendered":"\t\t<div data-elementor-type=\"wp-page\" data-elementor-id=\"1659\" class=\"elementor elementor-1659\">\n\t\t\t\t<div class=\"elementor-element elementor-element-6dcf3e6 e-flex e-con-boxed e-con e-parent\" data-id=\"6dcf3e6\" data-element_type=\"container\" data-e-type=\"container\" data-settings=\"{&quot;background_background&quot;:&quot;classic&quot;}\">\n\t\t\t\t\t<div class=\"e-con-inner\">\n\t\t\t\t<div class=\"elementor-element elementor-element-1aae66c elementor-widget__width-initial elementor-widget elementor-widget-heading\" data-id=\"1aae66c\" data-element_type=\"widget\" data-e-type=\"widget\" data-widget_type=\"heading.default\">\n\t\t\t\t<div class=\"elementor-widget-container\">\n\t\t\t\t\t<h2 class=\"elementor-heading-title elementor-size-default\">Ajudando voc\u00ea a realizar o sonho do carro novo<\/h2>\t\t\t\t<\/div>\n\t\t\t\t<\/div>\n\t\t\t\t<div class=\"elementor-element elementor-element-7a01c21 elementor-widget__width-initial elementor-widget elementor-widget-text-editor\" data-id=\"7a01c21\" data-element_type=\"widget\" data-e-type=\"widget\" data-widget_type=\"text-editor.default\">\n\t\t\t\t<div class=\"elementor-widget-container\">\n\t\t\t\t\t\t\t\t\t<p>Com a confian\u00e7a de mais de 2.500 concession\u00e1rias de autom\u00f3veis, nos comprometemos a oferecer aos clientes a melhor experi\u00eancia de compra de autom\u00f3veis.<\/p>\t\t\t\t\t\t\t\t<\/div>\n\t\t\t\t<\/div>\n\t\t\t\t\t<\/div>\n\t\t\t\t<\/div>\n\t\t<div class=\"elementor-element elementor-element-c815e74 e-flex e-con-boxed e-con e-parent\" data-id=\"c815e74\" data-element_type=\"container\" data-e-type=\"container\">\n\t\t\t\t\t<div class=\"e-con-inner\">\n\t\t\t\t<div class=\"elementor-element elementor-element-b7e14ab tf-animated-item elementor-widget elementor-widget-heading\" data-id=\"b7e14ab\" data-element_type=\"widget\" data-e-type=\"widget\" data-widget_type=\"heading.default\">\n\t\t\t\t<div class=\"elementor-widget-container\">\n\t\t\t\t\t<h2 class=\"elementor-heading-title elementor-size-default\">Conhe\u00e7a Nossa Equipe<\/h2>\t\t\t\t<\/div>\n\t\t\t\t<\/div>\n\t\t\t\t<div class=\"elementor-element elementor-element-6656b62 elementor-widget elementor-widget-shortcode\" data-id=\"6656b62\" data-element_type=\"widget\" data-e-type=\"widget\" data-widget_type=\"shortcode.default\">\n\t\t\t\t<div class=\"elementor-widget-container\">\n\t\t\t\t\t\t\t<div class=\"elementor-shortcode\"><div class=\"tfcl-list-dealer-shortcode\">\n\t<div class=\"row\">\n\t\t<div class=\"col-md-6\">\n\t\t\t<h2 class=\"heading\">Consultores Verificados<\/h2>\n\t\t<\/div>\n\t\t<div class=\"col-md-6\">\n\t\t\t<div class=\"sort\">\n\t\t\t\t<select id=\"tfcl-sort-by-order\" class=\"form-select form-select-sm\" aria-label=\".form-select-sm example\">\n\t\t\t\t\t\t\t\t\t\t\t\t\t\t\t\t<option value=\"\/index.php?rest_route=%2Fwp%2Fv2%2Fpages%2F1659&amp;orderBy=date_esc\" >Classificar por (Padr\u00e3o)<\/option>\n\t\t\t\t\t\t\t\t\t\t\t<option value=\"\/index.php?rest_route=%2Fwp%2Fv2%2Fpages%2F1659&amp;orderBy=name_desc\" >Classificar por nome (Z-A)<\/option>\n\t\t\t\t\t\t\t\t\t\t\t<option value=\"\/index.php?rest_route=%2Fwp%2Fv2%2Fpages%2F1659&amp;orderBy=name_asc\" >Classificar por nome (A-Z)<\/option>\n\t\t\t\t\t\t\t\t\t<\/select>\n\t\t\t<\/div>\n\t\t<\/div>\n\t<\/div>\n\t<div class=\"row\">\n\t\t<div class=\"col-md-12\">\n\t\t\t\t\t\t\t<table>\n\t\t\t\t\t\t\t\t\t\t\t<tr class=\"dealer-item\">\n\t\t\t\t\t\t\t<td class=\"dealer-logo\">\n\t\t\t\t\t\t\t\t<div class=\"logo-dealer\">\n\t\t\t\t\t\t\t\t\t\t\t\t\t\t\t\t\t\t\t<img decoding=\"async\" src=\"https:\/\/automotivecarstore.com\/wp-content\/uploads\/2024\/10\/cropped-PERFIL-1.png\" alt=\"WILLIAM\" class=\"logo\">\n\t\t\t\t\t\t\t\t\t\t\t\t\t\t\t\t\t<\/div>\n\t\t\t\t\t\t\t<\/td>\n\t\t\t\t\t\t\t<td class=\"dealer-content\">\n\t\t\t\t\t\t\t\t<div class=\"content-left\">\n\t\t\t\t\t\t\t\t\t<a class=\"dealer-name\" href=\"https:\/\/automotivecarstore.com\/?dealer=william\">\n\t\t\t\t\t\t\t\t\t\tWILLIAM\t\t\t\t\t\t\t\t\t<\/a>\n\t\t\t\t\t\t\t\t\t<div class=\"rating-dealer\">\n\t\t\t\t\t\t\t\t\t\t<span class=\"count-review\">1 Avalia\u00e7\u00f5es<\/span> \n\t\t\t\t\t\t\t\t\t\t<div class=\"wrap-rating\">\n\t\t\t\t\t\t\t\t\t\t\t\t\t\t\t\t\t\t\t\t\t\t\t<i class=\"star disabled-click icon-autodeal-star active\"><\/i>\n\t\t\t\t\t\t\t\t\t\t\t\t\t\t\t\t\t\t\t\t\t\t\t<i class=\"star disabled-click icon-autodeal-star active\"><\/i>\n\t\t\t\t\t\t\t\t\t\t\t\t\t\t\t\t\t\t\t\t\t\t\t<i class=\"star disabled-click icon-autodeal-star active\"><\/i>\n\t\t\t\t\t\t\t\t\t\t\t\t\t\t\t\t\t\t\t\t\t\t\t<i class=\"star disabled-click icon-autodeal-star active\"><\/i>\n\t\t\t\t\t\t\t\t\t\t\t\t\t\t\t\t\t\t\t\t\t\t\t<i class=\"star disabled-click icon-autodeal-star active\"><\/i>\n\t\t\t\t\t\t\t\t\t\t\t\t\t\t\t\t\t\t\t\t\t<\/div>\n\t\t\t\t\t\t\t\t\t\t<span>5.0<\/span>\n\t\t\t\t\t\t\t\t\t<\/div>\n\t\t\t\t\t\t\t\t<\/div>\n\t\t\t\t\t\t\t\t<div class=\"phone-number-dealer\">\n\t\t\t\t\t\t\t\t\t\t\t\t\t\t\t\t\t\t\t\t\t<input type=\"hidden\" class=\"full_number_phone\" data-fullnumber=\"(11) 92138-1368\">\n\t\t\t\t\t\t\t\t\t\t\t<span class=\"phone-number sale_phone_text\">(11) 92138-1368<\/span> <a href=\"#\" class=\"show_number_btn\"><i class=\"icon-autodeal-mobile\"><\/i> Mostrar n\u00famero<\/a>\t\t\t\t\t\t\t\t\t\t\t\t\t\t\t\t\t\t<\/div>\n\t\t\t\t\t\t\t\t<div class=\"dealer-address\">\n\t\t\t\t\t\t\t\t\t\t\t\t\t\t\t\t\t<\/div>\n\t\t\t\t\t\t\t<\/td>\n\t\t\t\t\t\t\t<td class=\"dealer-action\">\n\t\t\t\t\t\t\t\t<a href=\"https:\/\/automotivecarstore.com\/?dealer=william\">Detalhes <i class=\"icon-autodeal-icon-97\"><\/i><\/a>\n\t\t\t\t\t\t\t<\/td>\n\t\t\t\t\t\t<\/tr>\n\t\t\t\t\t\t\t\t\t\t\t<tr class=\"dealer-item\">\n\t\t\t\t\t\t\t<td class=\"dealer-logo\">\n\t\t\t\t\t\t\t\t<div class=\"logo-dealer\">\n\t\t\t\t\t\t\t\t\t\t\t\t\t\t\t\t\t\t\t<img decoding=\"async\" src=\"https:\/\/automotivecarstore.com\/wp-content\/uploads\/2024\/10\/cropped-PERFIL-1.png\" alt=\"RUAN CARLOS\" class=\"logo\">\n\t\t\t\t\t\t\t\t\t\t\t\t\t\t\t\t\t<\/div>\n\t\t\t\t\t\t\t<\/td>\n\t\t\t\t\t\t\t<td class=\"dealer-content\">\n\t\t\t\t\t\t\t\t<div class=\"content-left\">\n\t\t\t\t\t\t\t\t\t<a class=\"dealer-name\" href=\"https:\/\/automotivecarstore.com\/?dealer=ruan-carlos\">\n\t\t\t\t\t\t\t\t\t\tRUAN CARLOS\t\t\t\t\t\t\t\t\t<\/a>\n\t\t\t\t\t\t\t\t\t<div class=\"rating-dealer\">\n\t\t\t\t\t\t\t\t\t\t<span class=\"count-review\">0 Avalia\u00e7\u00f5es<\/span> \n\t\t\t\t\t\t\t\t\t\t<div class=\"wrap-rating\">\n\t\t\t\t\t\t\t\t\t\t\t\t\t\t\t\t\t\t\t\t\t\t\t<i class=\"star disabled-click icon-autodeal-star \"><\/i>\n\t\t\t\t\t\t\t\t\t\t\t\t\t\t\t\t\t\t\t\t\t\t\t<i class=\"star disabled-click icon-autodeal-star \"><\/i>\n\t\t\t\t\t\t\t\t\t\t\t\t\t\t\t\t\t\t\t\t\t\t\t<i class=\"star disabled-click icon-autodeal-star \"><\/i>\n\t\t\t\t\t\t\t\t\t\t\t\t\t\t\t\t\t\t\t\t\t\t\t<i class=\"star disabled-click icon-autodeal-star \"><\/i>\n\t\t\t\t\t\t\t\t\t\t\t\t\t\t\t\t\t\t\t\t\t\t\t<i class=\"star disabled-click icon-autodeal-star \"><\/i>\n\t\t\t\t\t\t\t\t\t\t\t\t\t\t\t\t\t\t\t\t\t<\/div>\n\t\t\t\t\t\t\t\t\t\t<span>0.0<\/span>\n\t\t\t\t\t\t\t\t\t<\/div>\n\t\t\t\t\t\t\t\t<\/div>\n\t\t\t\t\t\t\t\t<div class=\"phone-number-dealer\">\n\t\t\t\t\t\t\t\t\t\t\t\t\t\t\t\t\t\t\t\t\t<input type=\"hidden\" class=\"full_number_phone\" data-fullnumber=\"(11) 99860-7780\">\n\t\t\t\t\t\t\t\t\t\t\t<span class=\"phone-number sale_phone_text\">(11) 99860-7780<\/span> <a href=\"#\" class=\"show_number_btn\"><i class=\"icon-autodeal-mobile\"><\/i> Mostrar n\u00famero<\/a>\t\t\t\t\t\t\t\t\t\t\t\t\t\t\t\t\t\t<\/div>\n\t\t\t\t\t\t\t\t<div class=\"dealer-address\">\n\t\t\t\t\t\t\t\t\t\t\t\t\t\t\t\t\t<\/div>\n\t\t\t\t\t\t\t<\/td>\n\t\t\t\t\t\t\t<td class=\"dealer-action\">\n\t\t\t\t\t\t\t\t<a href=\"https:\/\/automotivecarstore.com\/?dealer=ruan-carlos\">Detalhes <i class=\"icon-autodeal-icon-97\"><\/i><\/a>\n\t\t\t\t\t\t\t<\/td>\n\t\t\t\t\t\t<\/tr>\n\t\t\t\t\t\t\t\t\t\t\t<tr class=\"dealer-item\">\n\t\t\t\t\t\t\t<td class=\"dealer-logo\">\n\t\t\t\t\t\t\t\t<div class=\"logo-dealer\">\n\t\t\t\t\t\t\t\t\t\t\t\t\t\t\t\t\t\t\t<img decoding=\"async\" src=\"https:\/\/automotivecarstore.com\/wp-content\/uploads\/2024\/10\/cropped-PERFIL-1.png\" alt=\"ROBERTO\" class=\"logo\">\n\t\t\t\t\t\t\t\t\t\t\t\t\t\t\t\t\t<\/div>\n\t\t\t\t\t\t\t<\/td>\n\t\t\t\t\t\t\t<td class=\"dealer-content\">\n\t\t\t\t\t\t\t\t<div class=\"content-left\">\n\t\t\t\t\t\t\t\t\t<a class=\"dealer-name\" href=\"https:\/\/automotivecarstore.com\/?dealer=roberto\">\n\t\t\t\t\t\t\t\t\t\tROBERTO\t\t\t\t\t\t\t\t\t<\/a>\n\t\t\t\t\t\t\t\t\t<div class=\"rating-dealer\">\n\t\t\t\t\t\t\t\t\t\t<span class=\"count-review\">0 Avalia\u00e7\u00f5es<\/span> \n\t\t\t\t\t\t\t\t\t\t<div class=\"wrap-rating\">\n\t\t\t\t\t\t\t\t\t\t\t\t\t\t\t\t\t\t\t\t\t\t\t<i class=\"star disabled-click icon-autodeal-star \"><\/i>\n\t\t\t\t\t\t\t\t\t\t\t\t\t\t\t\t\t\t\t\t\t\t\t<i class=\"star disabled-click icon-autodeal-star \"><\/i>\n\t\t\t\t\t\t\t\t\t\t\t\t\t\t\t\t\t\t\t\t\t\t\t<i class=\"star disabled-click icon-autodeal-star \"><\/i>\n\t\t\t\t\t\t\t\t\t\t\t\t\t\t\t\t\t\t\t\t\t\t\t<i class=\"star disabled-click icon-autodeal-star \"><\/i>\n\t\t\t\t\t\t\t\t\t\t\t\t\t\t\t\t\t\t\t\t\t\t\t<i class=\"star disabled-click icon-autodeal-star \"><\/i>\n\t\t\t\t\t\t\t\t\t\t\t\t\t\t\t\t\t\t\t\t\t<\/div>\n\t\t\t\t\t\t\t\t\t\t<span>0.0<\/span>\n\t\t\t\t\t\t\t\t\t<\/div>\n\t\t\t\t\t\t\t\t<\/div>\n\t\t\t\t\t\t\t\t<div class=\"phone-number-dealer\">\n\t\t\t\t\t\t\t\t\t\t\t\t\t\t\t\t\t\t\t\t\t<input type=\"hidden\" class=\"full_number_phone\" data-fullnumber=\"(11) 92205-6858 \/ (11) 94320-6255\">\n\t\t\t\t\t\t\t\t\t\t\t<span class=\"phone-number sale_phone_text\">(11) 92205-6858 \/ (11) 94320-6255<\/span> <a href=\"#\" class=\"show_number_btn\"><i class=\"icon-autodeal-mobile\"><\/i> Mostrar n\u00famero<\/a>\t\t\t\t\t\t\t\t\t\t\t\t\t\t\t\t\t\t<\/div>\n\t\t\t\t\t\t\t\t<div class=\"dealer-address\">\n\t\t\t\t\t\t\t\t\t\t\t\t\t\t\t\t\t<\/div>\n\t\t\t\t\t\t\t<\/td>\n\t\t\t\t\t\t\t<td class=\"dealer-action\">\n\t\t\t\t\t\t\t\t<a href=\"https:\/\/automotivecarstore.com\/?dealer=roberto\">Detalhes <i class=\"icon-autodeal-icon-97\"><\/i><\/a>\n\t\t\t\t\t\t\t<\/td>\n\t\t\t\t\t\t<\/tr>\n\t\t\t\t\t\t\t\t\t\t\t<tr class=\"dealer-item\">\n\t\t\t\t\t\t\t<td class=\"dealer-logo\">\n\t\t\t\t\t\t\t\t<div class=\"logo-dealer\">\n\t\t\t\t\t\t\t\t\t\t\t\t\t\t\t\t\t\t\t<img decoding=\"async\" src=\"https:\/\/automotivecarstore.com\/wp-content\/uploads\/2024\/10\/cropped-PERFIL-1.png\" alt=\"RAFAEL JESUS\" class=\"logo\">\n\t\t\t\t\t\t\t\t\t\t\t\t\t\t\t\t\t<\/div>\n\t\t\t\t\t\t\t<\/td>\n\t\t\t\t\t\t\t<td class=\"dealer-content\">\n\t\t\t\t\t\t\t\t<div class=\"content-left\">\n\t\t\t\t\t\t\t\t\t<a class=\"dealer-name\" href=\"https:\/\/automotivecarstore.com\/?dealer=rafael-jesus\">\n\t\t\t\t\t\t\t\t\t\tRAFAEL JESUS\t\t\t\t\t\t\t\t\t<\/a>\n\t\t\t\t\t\t\t\t\t<div class=\"rating-dealer\">\n\t\t\t\t\t\t\t\t\t\t<span class=\"count-review\">0 Avalia\u00e7\u00f5es<\/span> \n\t\t\t\t\t\t\t\t\t\t<div class=\"wrap-rating\">\n\t\t\t\t\t\t\t\t\t\t\t\t\t\t\t\t\t\t\t\t\t\t\t<i class=\"star disabled-click icon-autodeal-star \"><\/i>\n\t\t\t\t\t\t\t\t\t\t\t\t\t\t\t\t\t\t\t\t\t\t\t<i class=\"star disabled-click icon-autodeal-star \"><\/i>\n\t\t\t\t\t\t\t\t\t\t\t\t\t\t\t\t\t\t\t\t\t\t\t<i class=\"star disabled-click icon-autodeal-star \"><\/i>\n\t\t\t\t\t\t\t\t\t\t\t\t\t\t\t\t\t\t\t\t\t\t\t<i class=\"star disabled-click icon-autodeal-star \"><\/i>\n\t\t\t\t\t\t\t\t\t\t\t\t\t\t\t\t\t\t\t\t\t\t\t<i class=\"star disabled-click icon-autodeal-star \"><\/i>\n\t\t\t\t\t\t\t\t\t\t\t\t\t\t\t\t\t\t\t\t\t<\/div>\n\t\t\t\t\t\t\t\t\t\t<span>0.0<\/span>\n\t\t\t\t\t\t\t\t\t<\/div>\n\t\t\t\t\t\t\t\t<\/div>\n\t\t\t\t\t\t\t\t<div class=\"phone-number-dealer\">\n\t\t\t\t\t\t\t\t\t\t\t\t\t\t\t\t\t\t\t\t\t<input type=\"hidden\" class=\"full_number_phone\" data-fullnumber=\"(14) 99666-2383 \/ (11) 97282-5121\">\n\t\t\t\t\t\t\t\t\t\t\t<span class=\"phone-number sale_phone_text\">(14) 99666-2383 \/ (11) 97282-5121<\/span> <a href=\"#\" class=\"show_number_btn\"><i class=\"icon-autodeal-mobile\"><\/i> Mostrar n\u00famero<\/a>\t\t\t\t\t\t\t\t\t\t\t\t\t\t\t\t\t\t<\/div>\n\t\t\t\t\t\t\t\t<div class=\"dealer-address\">\n\t\t\t\t\t\t\t\t\t\t\t\t\t\t\t\t\t<\/div>\n\t\t\t\t\t\t\t<\/td>\n\t\t\t\t\t\t\t<td class=\"dealer-action\">\n\t\t\t\t\t\t\t\t<a href=\"https:\/\/automotivecarstore.com\/?dealer=rafael-jesus\">Detalhes <i class=\"icon-autodeal-icon-97\"><\/i><\/a>\n\t\t\t\t\t\t\t<\/td>\n\t\t\t\t\t\t<\/tr>\n\t\t\t\t\t\t\t\t\t\t\t<tr class=\"dealer-item\">\n\t\t\t\t\t\t\t<td class=\"dealer-logo\">\n\t\t\t\t\t\t\t\t<div class=\"logo-dealer\">\n\t\t\t\t\t\t\t\t\t\t\t\t\t\t\t\t\t\t\t<img decoding=\"async\" src=\"https:\/\/automotivecarstore.com\/wp-content\/uploads\/2024\/10\/cropped-PERFIL-1.png\" alt=\"PEDRO DUARTE\" class=\"logo\">\n\t\t\t\t\t\t\t\t\t\t\t\t\t\t\t\t\t<\/div>\n\t\t\t\t\t\t\t<\/td>\n\t\t\t\t\t\t\t<td class=\"dealer-content\">\n\t\t\t\t\t\t\t\t<div class=\"content-left\">\n\t\t\t\t\t\t\t\t\t<a class=\"dealer-name\" href=\"https:\/\/automotivecarstore.com\/?dealer=pedro-duarte\">\n\t\t\t\t\t\t\t\t\t\tPEDRO DUARTE\t\t\t\t\t\t\t\t\t<\/a>\n\t\t\t\t\t\t\t\t\t<div class=\"rating-dealer\">\n\t\t\t\t\t\t\t\t\t\t<span class=\"count-review\">0 Avalia\u00e7\u00f5es<\/span> \n\t\t\t\t\t\t\t\t\t\t<div class=\"wrap-rating\">\n\t\t\t\t\t\t\t\t\t\t\t\t\t\t\t\t\t\t\t\t\t\t\t<i class=\"star disabled-click icon-autodeal-star \"><\/i>\n\t\t\t\t\t\t\t\t\t\t\t\t\t\t\t\t\t\t\t\t\t\t\t<i class=\"star disabled-click icon-autodeal-star \"><\/i>\n\t\t\t\t\t\t\t\t\t\t\t\t\t\t\t\t\t\t\t\t\t\t\t<i class=\"star disabled-click icon-autodeal-star \"><\/i>\n\t\t\t\t\t\t\t\t\t\t\t\t\t\t\t\t\t\t\t\t\t\t\t<i class=\"star disabled-click icon-autodeal-star \"><\/i>\n\t\t\t\t\t\t\t\t\t\t\t\t\t\t\t\t\t\t\t\t\t\t\t<i class=\"star disabled-click icon-autodeal-star \"><\/i>\n\t\t\t\t\t\t\t\t\t\t\t\t\t\t\t\t\t\t\t\t\t<\/div>\n\t\t\t\t\t\t\t\t\t\t<span>0.0<\/span>\n\t\t\t\t\t\t\t\t\t<\/div>\n\t\t\t\t\t\t\t\t<\/div>\n\t\t\t\t\t\t\t\t<div class=\"phone-number-dealer\">\n\t\t\t\t\t\t\t\t\t\t\t\t\t\t\t\t\t\t\t\t\t<input type=\"hidden\" class=\"full_number_phone\" data-fullnumber=\"(11) 98700-2511 \">\n\t\t\t\t\t\t\t\t\t\t\t<span class=\"phone-number sale_phone_text\">(11) 98700-2511 <\/span> <a href=\"#\" class=\"show_number_btn\"><i class=\"icon-autodeal-mobile\"><\/i> Mostrar n\u00famero<\/a>\t\t\t\t\t\t\t\t\t\t\t\t\t\t\t\t\t\t<\/div>\n\t\t\t\t\t\t\t\t<div class=\"dealer-address\">\n\t\t\t\t\t\t\t\t\t\t\t\t\t\t\t\t\t<\/div>\n\t\t\t\t\t\t\t<\/td>\n\t\t\t\t\t\t\t<td class=\"dealer-action\">\n\t\t\t\t\t\t\t\t<a href=\"https:\/\/automotivecarstore.com\/?dealer=pedro-duarte\">Detalhes <i class=\"icon-autodeal-icon-97\"><\/i><\/a>\n\t\t\t\t\t\t\t<\/td>\n\t\t\t\t\t\t<\/tr>\n\t\t\t\t\t\t\t\t\t<\/table>\n\t\t\t\t<div class=\"tfcl-pagination paging-navigation clearfix\">\r\n\t<span aria-current=\"page\" class=\"page-numbers current\">1<\/span>\n<a class=\"page-numbers\" href=\"https:\/\/automotivecarstore.com\/index.php\/?paged=2&#038;rest_route=%2Fwp%2Fv2%2Fpages%2F1659\">2<\/a>\n<span class=\"page-numbers dots\">&hellip;<\/span>\n<a class=\"page-numbers\" href=\"https:\/\/automotivecarstore.com\/index.php\/?paged=5&#038;rest_route=%2Fwp%2Fv2%2Fpages%2F1659\">5<\/a>\n<a class=\"next page-numbers\" href=\"https:\/\/automotivecarstore.com\/index.php\/?paged=2&#038;rest_route=%2Fwp%2Fv2%2Fpages%2F1659\"><i class=\"icon-autodeal-angle-right\"><\/i><\/a><\/div>\t\t\t\t\t<\/div>\n\t<\/div>\n<\/div><\/div>\n\t\t\t\t\t\t<\/div>\n\t\t\t\t<\/div>\n\t\t\t\t\t<\/div>\n\t\t\t\t<\/div>\n\t\t<div class=\"elementor-element elementor-element-016e4f3 e-flex e-con-boxed e-con e-parent\" data-id=\"016e4f3\" data-element_type=\"container\" data-e-type=\"container\">\n\t\t\t\t\t<div class=\"e-con-inner\">\n\t\t<div class=\"elementor-element elementor-element-a11ebf4 e-flex e-con-boxed e-con e-child\" data-id=\"a11ebf4\" data-element_type=\"container\" data-e-type=\"container\">\n\t\t\t\t\t<div class=\"e-con-inner\">\n\t\t\t\t<div class=\"elementor-element elementor-element-7ccd6fb tf-animated-item elementor-widget elementor-widget-heading\" data-id=\"7ccd6fb\" data-element_type=\"widget\" data-e-type=\"widget\" data-widget_type=\"heading.default\">\n\t\t\t\t<div class=\"elementor-widget-container\">\n\t\t\t\t\t<h2 class=\"elementor-heading-title elementor-size-default\">Nossos parceiros<\/h2>\t\t\t\t<\/div>\n\t\t\t\t<\/div>\n\t\t\t\t<div class=\"elementor-element elementor-element-bac7a6c elementor-widget elementor-widget-tf-list-image\" data-id=\"bac7a6c\" data-element_type=\"widget\" data-e-type=\"widget\" data-widget_type=\"tf-list-image.default\">\n\t\t\t\t<div class=\"elementor-widget-container\">\n\t\t\t\t\t<div id=\"tf-list-image-bac7a6c\" class=\"tf-list-image hover-image hover-stop\" data-tabid=\"bac7a6c\"> \r\n\t\t\t\t\t<div class=\"box-item\">\r\n\t\t\t\t\t\r\n\t\t\t\t\t\t\t\t\r\n\t\t\t\t\t\t\t\t\t<div class=\"item\">\r\n\t\t\t\t\t\t\t\t\t\t<div class=\"image\">\r\n\t\t\t\t\t<a href=\"#\"  ><img decoding=\"async\" src=\"https:\/\/automotivecarstore.com\/wp-content\/uploads\/2025\/05\/481-4811207_e-commerce-retailers-can-now-sell-directly-on.png\" width=\"190\" height=\"80\" alt=\"image\"><\/a>\r\n\t\t\t\t<\/div>\r\n\t\t\t\t\t\t\t\t\t<\/div>\r\n\t\t\t\t\t\t\t\t\r\n\t\t\t\t\t\t\t\t\r\n\t\t\t\t\t\t\t\t\t<div class=\"item\">\r\n\t\t\t\t\t\t\t\t\t\t<div class=\"image\">\r\n\t\t\t\t\t<a href=\"#\"  ><img decoding=\"async\" src=\"https:\/\/automotivecarstore.com\/wp-content\/uploads\/2025\/05\/icarros-logo-scaled.png\" width=\"190\" height=\"80\" alt=\"image\"><\/a>\r\n\t\t\t\t<\/div>\r\n\t\t\t\t\t\t\t\t\t<\/div>\r\n\t\t\t\t\t\t\t\t\r\n\t\t\t\t\t\t\t\t\r\n\t\t\t\t\t\t\t\t\t<div class=\"item\">\r\n\t\t\t\t\t\t\t\t\t\t<div class=\"image\">\r\n\t\t\t\t\t<a href=\"#\"  ><img decoding=\"async\" src=\"https:\/\/automotivecarstore.com\/wp-content\/uploads\/2025\/05\/webmotors-logo-1-1-scaled.png\" width=\"190\" height=\"80\" alt=\"image\"><\/a>\r\n\t\t\t\t<\/div>\r\n\t\t\t\t\t\t\t\t\t<\/div>\r\n\t\t\t\t\t\t\t\t\r\n\t\t\t\t\t\t\t\t\r\n\t\t\t\t\t\t\t\t\t<div class=\"item\">\r\n\t\t\t\t\t\t\t\t\t\t<div class=\"image\">\r\n\t\t\t\t\t<a href=\"#\"  ><img loading=\"lazy\" decoding=\"async\" src=\"https:\/\/automotivecarstore.com\/wp-content\/uploads\/2025\/05\/Logo_OLX_-_OK.png\" width=\"190\" height=\"80\" alt=\"image\"><\/a>\r\n\t\t\t\t<\/div>\r\n\t\t\t\t\t\t\t\t\t<\/div>\r\n\t\t\t\t\t\t\t\t\r\n\t\t\t\t\t\t\t\t\r\n\t\t\t\t\t\t\t\t\t<div class=\"item\">\r\n\t\t\t\t\t\t\t\t\t\t<div class=\"image\">\r\n\t\t\t\t\t<a href=\"#\"  ><img loading=\"lazy\" decoding=\"async\" src=\"https:\/\/automotivecarstore.com\/wp-content\/uploads\/2025\/05\/mercado-livre-logo-8-scaled.png\" width=\"190\" height=\"80\" alt=\"image\"><\/a>\r\n\t\t\t\t<\/div>\r\n\t\t\t\t\t\t\t\t\t<\/div>\r\n\t\t\t\t\t\t\t\t   \r\n\t\t\t\t\t<\/div>\r\n\t\t\t\t\t<div class=\"box-item\">\r\n\t\t\t\t\t\r\n\t\t\t\t\t\t\t\t\r\n\t\t\t\t\t\t\t\t\t<div class=\"item\">\r\n\t\t\t\t\t\t\t\t\t\t<div class=\"image\">\r\n\t\t\t\t\t<a href=\"#\"  ><img decoding=\"async\" src=\"https:\/\/automotivecarstore.com\/wp-content\/uploads\/2025\/05\/481-4811207_e-commerce-retailers-can-now-sell-directly-on.png\" width=\"190\" height=\"80\" alt=\"image\"><\/a>\r\n\t\t\t\t<\/div>\r\n\t\t\t\t\t\t\t\t\t<\/div>\r\n\t\t\t\t\t\t\t\t\r\n\t\t\t\t\t\t\t\t\r\n\t\t\t\t\t\t\t\t\t<div class=\"item\">\r\n\t\t\t\t\t\t\t\t\t\t<div class=\"image\">\r\n\t\t\t\t\t<a href=\"#\"  ><img decoding=\"async\" src=\"https:\/\/automotivecarstore.com\/wp-content\/uploads\/2025\/05\/icarros-logo-scaled.png\" width=\"190\" height=\"80\" alt=\"image\"><\/a>\r\n\t\t\t\t<\/div>\r\n\t\t\t\t\t\t\t\t\t<\/div>\r\n\t\t\t\t\t\t\t\t\r\n\t\t\t\t\t\t\t\t\r\n\t\t\t\t\t\t\t\t\t<div class=\"item\">\r\n\t\t\t\t\t\t\t\t\t\t<div class=\"image\">\r\n\t\t\t\t\t<a href=\"#\"  ><img decoding=\"async\" src=\"https:\/\/automotivecarstore.com\/wp-content\/uploads\/2025\/05\/webmotors-logo-1-1-scaled.png\" width=\"190\" height=\"80\" alt=\"image\"><\/a>\r\n\t\t\t\t<\/div>\r\n\t\t\t\t\t\t\t\t\t<\/div>\r\n\t\t\t\t\t\t\t\t\r\n\t\t\t\t\t\t\t\t\r\n\t\t\t\t\t\t\t\t\t<div class=\"item\">\r\n\t\t\t\t\t\t\t\t\t\t<div class=\"image\">\r\n\t\t\t\t\t<a href=\"#\"  ><img loading=\"lazy\" decoding=\"async\" src=\"https:\/\/automotivecarstore.com\/wp-content\/uploads\/2025\/05\/Logo_OLX_-_OK.png\" width=\"190\" height=\"80\" alt=\"image\"><\/a>\r\n\t\t\t\t<\/div>\r\n\t\t\t\t\t\t\t\t\t<\/div>\r\n\t\t\t\t\t\t\t\t\r\n\t\t\t\t\t\t\t\t\r\n\t\t\t\t\t\t\t\t\t<div class=\"item\">\r\n\t\t\t\t\t\t\t\t\t\t<div class=\"image\">\r\n\t\t\t\t\t<a href=\"#\"  ><img loading=\"lazy\" decoding=\"async\" src=\"https:\/\/automotivecarstore.com\/wp-content\/uploads\/2025\/05\/mercado-livre-logo-8-scaled.png\" width=\"190\" height=\"80\" alt=\"image\"><\/a>\r\n\t\t\t\t<\/div>\r\n\t\t\t\t\t\t\t\t\t<\/div>\r\n\t\t\t\t\t\t\t\t   \r\n\t\t\t\t\t<\/div>\t\r\n\t\t\t\t<\/div>\t\t\t\t<\/div>\n\t\t\t\t<\/div>\n\t\t\t\t\t<\/div>\n\t\t\t\t<\/div>\n\t\t\t\t\t<\/div>\n\t\t\t\t<\/div>\n\t\t\t\t<\/div>\n\t\t","protected":false},"excerpt":{"rendered":"<p>Ajudando voc\u00ea a realizar o sonho do carro novo Com a confian\u00e7a de mais de 2.500 concession\u00e1rias de autom\u00f3veis, nos comprometemos a oferecer aos clientes [&hellip;]<\/p>\n","protected":false},"author":1,"featured_media":0,"parent":0,"menu_order":0,"comment_status":"closed","ping_status":"closed","template":"elementor_header_footer","meta":{"footnotes":""},"class_list":["post-1659","page","type-page","status-publish","hentry"],"_hostinger_reach_plugin_has_subscription_block":false,"_hostinger_reach_plugin_is_elementor":false,"_links":{"self":[{"href":"https:\/\/automotivecarstore.com\/index.php?rest_route=\/wp\/v2\/pages\/1659","targetHints":{"allow":["GET"]}}],"collection":[{"href":"https:\/\/automotivecarstore.com\/index.php?rest_route=\/wp\/v2\/pages"}],"about":[{"href":"https:\/\/automotivecarstore.com\/index.php?rest_route=\/wp\/v2\/types\/page"}],"author":[{"embeddable":true,"href":"https:\/\/automotivecarstore.com\/index.php?rest_route=\/wp\/v2\/users\/1"}],"replies":[{"embeddable":true,"href":"https:\/\/automotivecarstore.com\/index.php?rest_route=%2Fwp%2Fv2%2Fcomments&post=1659"}],"version-history":[{"count":15,"href":"https:\/\/automotivecarstore.com\/index.php?rest_route=\/wp\/v2\/pages\/1659\/revisions"}],"predecessor-version":[{"id":3965,"href":"https:\/\/automotivecarstore.com\/index.php?rest_route=\/wp\/v2\/pages\/1659\/revisions\/3965"}],"wp:attachment":[{"href":"https:\/\/automotivecarstore.com\/index.php?rest_route=%2Fwp%2Fv2%2Fmedia&parent=1659"}],"curies":[{"name":"wp","href":"https:\/\/api.w.org\/{rel}","templated":true}]}}